{"id":2,"date":"2015-05-29T08:39:58","date_gmt":"2015-05-29T07:39:58","guid":{"rendered":"http:\/\/shagall.amant.pro\/?page_id=2"},"modified":"2023-08-29T13:45:54","modified_gmt":"2023-08-29T12:45:54","slug":"lacompagnie","status":"publish","type":"page","link":"https:\/\/www.chagallsansm.fr\/index.php\/lacompagnie\/","title":{"rendered":"La compagnie"},"content":{"rendered":"\n<p><strong>La compagnie Chagall sans M s&rsquo;enrichit d&rsquo;exp\u00e9riences nouvelles et de nouvelles rencontres. Elle ne se ferme pas \u00e0&nbsp;une discipline, mais agrandit, gr\u00e0ce \u00e0&nbsp;la qualit\u00e9 de ses propositions et du travail effectu\u00e9, son champ d&rsquo;action et de visibilit\u00e9.<\/strong><\/p>\n\n\n\n<p><em>Pour une recherche des formes<\/em><br>La compagnie Chagall sans M poursuit sa recherche sur les structurations sociales et mentales de la soci\u00e9t\u00e9 et sur comment les mettre en sc\u00e8ne, dans un r\u00e9cit th\u00e9\u00e2tral ouvert vers un public h\u00e9t\u00e9rog\u00e8ne puisant, \u00e0 m\u00eame ce r\u00e9cit, selon son propre syst\u00e8me de r\u00e9f\u00e9rences.<br>Depuis 2009, le travail artistique de la compagnie se concentre autour de cycles de cr\u00e9ations.<br>Un cycle de cr\u00e9ations, c\u2019est s\u2019autoriser des formes, au fur et \u00e0 mesure de la recherche, qui ne soient pas toutes th\u00e9\u00e2trales, mais vont creuser au coeur d\u2019un sujet : flms, expositions, \u00e9critures, performances, petites formes\u2026<br>Cette recherche artistique engage un processus qui englobe l\u2019\u00e9criture de textes originaux, l\u2019\u00e9criture de plateau, les dramaturgies plurielles et les choix de mises en sc\u00e8ne.<br>Par un travail de fragments, nous puisons dans un \u00ab nous \u00bb rencontr\u00e9, en le personnifant, en transmettant par les outils et les media de la sc\u00e8ne, avec l\u2019investissement des interpr\u00e8tes, ce qui nous a \u00e9t\u00e9 donn\u00e9 de d\u00e9couvrir et qui constituent nos chevilles d\u2019\u00e9criture. Nourries de recherche, construites \u00e0 partir du r\u00e9el, ces propositions artistiques embrassent leur sujet sans pour autant se revendiquer documentaires mais politiques.<br><br><em>L\u2019Humain\u00b7e face au Monde<\/em><br>Adopter cette fa\u00e7on de travailler \u00e0 un moment donn\u00e9 pour un projet pr\u00e9cis, s\u2019emparer d\u2019un sujet de soci\u00e9t\u00e9, c\u2019est re-convoquer le d\u00e9sir de comprendre, d\u2019une part, l\u2019histoire de ce ph\u00e9nom\u00e8ne et d\u2019autre part, sa vivace permanence dans notre soci\u00e9t\u00e9 actuelle.<br>Les m\u00e9canismes inconscients et partag\u00e9s, le collectif dans l\u2019exp\u00e9rience individuelle, voil\u00e0 ce qui m\u00e8ne mon travail : soumission, domination, ob\u00e9issance \u00e0 ce qui ne me correspond pas et d\u00e9sir de m\u2019en \u00e9manciper.<br>Confronter les points de vue sur une sc\u00e8ne c\u2019est cr\u00e9er un point de tension, une r\u00e9sistance \u00e0 une pens\u00e9e dominante.<br>C\u2019est, \u00e0 chaque tentative, le besoin de rejouer la Trag\u00e9die et d\u2019incarner le tragique, dont les personnagesinvisibles, celles et ceux qui accompagnent le h\u00e9ros ou l\u2019h\u00e9ro\u00efne sont la Mort et le Temps.<\/p>\n\n\n\n<p>La compagnie est soutenue par <a title=\"Montpellier\" href=\"http:\/\/www.montpellier.fr\/\" target=\"_blank\" rel=\"noopener\">la Ville de Montpellier<\/a>.<\/p>\n\n\n\n<h2 class=\"wp-block-heading\"><span style=\"color: #006766;\"><b><u>CREATIONS<\/u><\/b><\/span><\/h2>\n\n\n\n<p>2005 <em>: <span style=\"color: #006766;\"><strong><a style=\"color: #006766;\" href=\"http:\/\/www.chagallsansm.fr\/index.php\/2015\/06\/01\/miroirs\/\">Miroirs<\/a><\/strong><\/span><\/em>, de Marcel Bealu<br>Diffusions \u00e0&nbsp; La Grande Ourse, Villeneuve-les-Maguelone; \u00e0 Ceyras, au Festival 123 Soleil de Sommi\u00e8res, \u00e0 Aniane, St-Andr\u00e9 de Sangonis, au Th\u00e9\u00e2tre de Clermont-l&rsquo;H\u00e9rault, au Th\u00e9\u00e2tre de Poche \u00e0 s\u00e8te.<\/p>\n\n\n\n<p>2006 : <span style=\"color: #006766;\"><strong><em>Fernalvalbecardo<\/em><\/strong><\/span>, lecture-mise en espace sur Pessoa (2006), en partenariat avec Casa Amadis et le Printemps des Po\u00e8tes de Montpellier.<\/p>\n\n\n\n<p>2007 :<span style=\"color: #006766;\"><strong><em> <a style=\"color: #006766;\" href=\"http:\/\/www.chagallsansm.fr\/index.php\/2015\/06\/01\/vivre\/\">Vivre !<\/a><\/em><\/strong><\/span><em>,<\/em> d&rsquo;apr\u00e8s des textes de Jesenska, Kafka et Tsvetaeva<br>Coproduction : Th\u00e9\u00e2tre d&rsquo;O et Th\u00e9\u00e2tre de Clermont-l&rsquo;H\u00e9rault. Avec le soutien de R\u00e9seau en Sc\u00e8ne ne et du Conseil g\u00e9n\u00e9ral de l&rsquo;H\u00e9rault.<\/p>\n\n\n\n<p>2009 : <strong><span style=\"color: #006766;\"><em>La Valse des plan\u00e8tes<\/em> <\/span>&#8211;&nbsp;<\/strong>Cr\u00e9ation dans le cadre de l&rsquo;ann\u00e9e mondiale de l&rsquo;astronomie, en partenariat avec le CNRS-LPTA, le Centre de l&rsquo;imaginaire Scientifique et technique. Diffusions en Coeur d&rsquo;H\u00e9rault<\/p>\n\n\n\n<p><span style=\"color: #006766;\"><strong><em>Le Zoo excentrique du professeur Maguelone<\/em><\/strong><\/span><em> &#8211; <\/em>Cr\u00e9ation dans le cadre de l&rsquo;ann\u00e9e Darwin, en partenariat avec le Centre de l&rsquo;Imaginaire Scientifique et Technique et les Archives D\u00e9partementales de l&rsquo;H\u00e9rault. Diffusions dans le Coeur d&rsquo;H\u00e9rault et Montpellier.<\/p>\n\n\n\n<p><span style=\"color: #006766;\"><strong><em>Bras de Fr\u00e8res<\/em><\/strong><\/span>, de JP Verheggen, performance autour de la r\u00e9trospective&nbsp; Dolla Pr\u00e9sentation au Mus\u00e9e d&rsquo;Art Contemporain du Val de Marne, \u00e0&nbsp; Vitry\/Seine. Avec le soutien d&rsquo;H\u00e9rault Diffusion et du Conseil G\u00e9n\u00e9ral 94.<\/p>\n\n\n\n<p>2010 : <span style=\"color: #006766;\"><strong><em><a style=\"color: #006766;\" href=\"http:\/\/www.chagallsansm.fr\/index.php\/2015\/06\/01\/making-up\/\">Making up<\/a><\/em><\/strong><\/span> installation vid\u00e9o. 1<sup>er<\/sup> volet du cycle de Cr\u00e9ation <em>La femme qui marchait dans les portes.<\/em> Coproduction festival <em>Hybrides<\/em>. Avec le soutien de la DRAC LR. Diffusions \u00e0 Ceyras, en lyc\u00e9es, en facult\u00e9 lors de colloques, \u00e0 l&rsquo;H\u00f4tel d&rsquo;Agglom\u00e9ration de Montpellier<\/p>\n\n\n\n<p>2011\u00c2&nbsp;: <span style=\"color: #006766;\"><strong><em><a style=\"color: #006766;\" href=\"http:\/\/www.chagallsansm.fr\/index.php\/2015\/06\/22\/the-man-i-love\/\">The Man I Love<\/a><\/em><\/strong><\/span> performances de rue, con\u00e7ues ans le cadre du cycle de Cr\u00e9ations <em>La femme qui marchait dans les portes.<\/em> Cr\u00e9ation \u00c3&nbsp; l&rsquo;occasion de la Journ\u00e9e internationale de lutte contre les violences faites aux femmes du 25 novembre, en partenariat avec la Maison du Peuple, la Direction r\u00e9gionale aux droits des femmes de l&rsquo;Aveyron, le Centre local de pr\u00e9vention de la d\u00e9linquance de l&rsquo;agglom\u00e9ration de Millau.<\/p>\n\n\n\n<p>2012 : <span style=\"color: #006766;\"><strong><em><a style=\"color: #006766;\" href=\"http:\/\/www.chagallsansm.fr\/index.php\/2015\/06\/01\/la-femme-qui\/\">La f<span style=\"color: #006766;\">em<\/span>me qui<\/a><\/em><\/strong><\/span> spectacle pluridisciplinaire Coproduction Domaine d&rsquo;O. Avec le soutien de la DRAC LR, de la R\u00e9gion LR, de la Chartreuse-Cnes. Reprise du spectacle \u00e0 l&rsquo;automne-hiver 2013-14.<\/p>\n\n\n\n<h2 class=\"wp-block-heading\">&nbsp;<\/h2>\n\n\n\n<h2 class=\"wp-block-heading\"><span style=\"text-decoration: underline;\"><span style=\"color: #006766; text-decoration: underline;\">CLAIRE ENGEL<\/span><\/span><\/h2>\n\n\n\n<p><strong><span style=\"color: #006766;\">Com\u00e9dienne<br><\/span><\/strong>Formation classique initiale\u00a0(de 1982 \u00c3\u00a0 1989) : Yves Steinmetz<br>Dans le cadre du Bac\u00a0: Acteurs intervenants\u00a0de l&rsquo;Ecole de Chaillot- Antoine Vitez (Jean-Marie Winling, Daniel Soulier, Philippe Girard)<\/p>\n\n\n\n<p>Formations depuis 1991: cofondatrice de la compagnie Adesso e Sempre (Julien Bouffier)<br>Collectifs et compagnies, metteur-es en <span style=\"color: #006766;\">sc\u00e8ne<\/span> de th\u00e9\u00e2tre \/chor\u00e9graphes et coaches voix sur projets\/stages\u00a0: radiophoniques, escrime.<\/p>\n\n\n\n<p><span style=\"color: #006766;\">Metteuse en sc\u00e8ne<br><\/span>Trois mises en <span style=\"color: #006766;\">sc\u00e8ne<\/span> principales<br><em>Miroirs<\/em> 2005. De Marcel B\u00e9alu,<br><em>Vivre\u00a0!<\/em> &#8211; 2007. D&rsquo;apr\u00e8s Kafka, Milena Jesenska, Marina Tsvetaeva et Margarete Buber-Neumann,<br><em>La Femme qui<\/em>  2012. Elle co-signe l&rsquo;\u00e9criture du texte avec Fr\u00e9d\u00e9ric Ferrer<\/p>\n\n\n\n<p>Un film\u00a0: <em>Making up<\/em> 2010 (sc\u00e9nario et jeu, co-r\u00e9alisation). Montage et r\u00e9alisation Laurent Rojol, montage sonore Eric Guennou.<br>http:\/\/www.dailymotion.com\/video\/kOszfpOacelTG72h87l<\/p>\n\n\n\n<p><strong><span style=\"color: #006766;\">Enseignement th\u00e9\u00e2tral &#8211; P\u00e9dagogie &#8211; Concept de micro mises en sc\u00e8ne (De la Po\u00e9sie au Th\u00e9\u00e2tre, La Dispute 2015) <\/span><\/strong>(Education Nationale, Universit\u00e9, Ecoles de th\u00e9\u00e2tre, r\u00e9insertion et publics sp\u00e9cifiques IMP, CHU, prisons&#8230;)<\/p>\n\n\n\n<p><span style=\"color: #006766;\"><strong>Oeil ext\u00e9rieur<\/strong><\/span>\u00a0: spectacles de rue et groupes de musique<\/p>\n\n\n\n<p><span style=\"text-decoration: underline;\"><span style=\"color: #006766; text-decoration: underline;\">Exp\u00e9riences<\/span>\u00a0:<\/span><br><strong><span style=\"color: #006766;\">Jeu<\/span><\/strong><br>A particip\u00e9 a\u00a0 de nombreux projets tr\u00e8s diverses\u00a0: burlesques, cabaret, scientifiques, classiques et traditionnels, jeune public, purement po\u00e9tiques, solos&#8230;cadres institutionnels et non-institutionnels.<\/p>\n\n\n\n<p>Plus g\u00e9n\u00e9ralement, a travaill\u00e9 sur des spectacles et\/ou des performances \u00e0l&rsquo;\u00e9criture de plateau pr\u00e9vaut, les \u00e9critures sc\u00e9niques sont multiples et s&rsquo;inscrivent dans une recherche r\u00e9solument contemporaine et transdisciplinaire, en compagnie d&rsquo;auteurs vivants ou non.<br>On retrouve cette influence dans ses mises en sc\u00e8ne.<\/p>\n\n\n\n<p><span style=\"color: #006766;\"><strong>Mise en sc\u00e8ne Compagnie Chagall sans M<br><\/strong><\/span>Elle part de mat\u00e9riaux textuels g\u00e9n\u00e9ralement non th\u00e9atraux (<em>Miroirs<\/em>\u00a0: conte noir  <em>Vivre<\/em>\u00a0!\u00a0: correspondance, chronique journalistique, biographie et po\u00e9sie <em>La Femme qui\u00a0<\/em>: roman et enqu\u00e8te anthropologique &#8211; autofiction)<\/p>\n\n\n\n<p>Elle s&rsquo;oriente de plus en plus vers des th\u00e8mes soci\u00e9taux, qui inspirent une dramaturgie dite \u00a0d&rsquo;investigation\u00bb\u00a0; vers une \u00e9criture originale des textes, fruits de recherches puisant leurs sources dans les sciences, les Arts et le vernaculaire\u00a0: pour une \u00ab\u00a0l&rsquo;initiative po\u00e9tique du r\u00e9el\u00bb. Elle travaille \u00e0 son prochain projet sur le st\u00e9r\u00e9otype.<\/p>\n","protected":false},"excerpt":{"rendered":"<p>La compagnie Chagall sans M s&rsquo;enrichit d&rsquo;exp\u00e9riences nouvelles et de nouvelles rencontres. Elle ne se ferme pas \u00e0&nbsp;une discipline, mais agrandit, gr\u00e0ce \u00e0&nbsp;la qualit\u00e9 de ses propositions et du travail effectu\u00e9, son champ d&rsquo;action et de visibilit\u00e9. Pour une recherche des formesLa compagnie Chagall sans M poursuit sa recherche sur les structurations sociales et mentales [&hellip;]<\/p>\n","protected":false},"author":1,"featured_media":0,"parent":0,"menu_order":0,"comment_status":"closed","ping_status":"closed","template":"","meta":{"ngg_post_thumbnail":0,"footnotes":""},"aioseo_notices":[],"_links":{"self":[{"href":"https:\/\/www.chagallsansm.fr\/index.php\/wp-json\/wp\/v2\/pages\/2"}],"collection":[{"href":"https:\/\/www.chagallsansm.fr\/index.php\/wp-json\/wp\/v2\/pages"}],"about":[{"href":"https:\/\/www.chagallsansm.fr\/index.php\/wp-json\/wp\/v2\/types\/page"}],"author":[{"embeddable":true,"href":"https:\/\/www.chagallsansm.fr\/index.php\/wp-json\/wp\/v2\/users\/1"}],"replies":[{"embeddable":true,"href":"https:\/\/www.chagallsansm.fr\/index.php\/wp-json\/wp\/v2\/comments?post=2"}],"version-history":[{"count":24,"href":"https:\/\/www.chagallsansm.fr\/index.php\/wp-json\/wp\/v2\/pages\/2\/revisions"}],"predecessor-version":[{"id":1386,"href":"https:\/\/www.chagallsansm.fr\/index.php\/wp-json\/wp\/v2\/pages\/2\/revisions\/1386"}],"wp:attachment":[{"href":"https:\/\/www.chagallsansm.fr\/index.php\/wp-json\/wp\/v2\/media?parent=2"}],"curies":[{"name":"wp","href":"https:\/\/api.w.org\/{rel}","templated":true}]}}