{"id":1551,"date":"2025-02-10T00:12:18","date_gmt":"2025-02-09T23:12:18","guid":{"rendered":"https:\/\/www.chagallsansm.fr\/?page_id=1551"},"modified":"2025-06-26T16:31:25","modified_gmt":"2025-06-26T15:31:25","slug":"spectacles","status":"publish","type":"page","link":"https:\/\/www.chagallsansm.fr\/index.php\/spectacles\/","title":{"rendered":"Spectacles"},"content":{"rendered":"\n<h6 class=\"wp-block-heading\">CECI EST MON CORPS<\/h6>\n\n\n\n<p>Cr\u00e9ation 2024<\/p>\n\n\n\n<p>\u25ba\u25ba\u25baT\u00e9l\u00e9charger <a href=\"http:\/\/www.chagallsansm.fr\/wp-content\/uploads\/2025\/02\/DOSSIER_CEMC_25-BD.pdf\">ici le dossier de pr\u00e9sentation<\/a><\/p>\n\n\n\n<p>\u25ba\u25ba\u25ba\u00c9couter<a href=\"http:\/\/www.chagallsansm.fr\/wp-content\/uploads\/2025\/04\/Anais-Vaillant-Causerie-30_03_25-Villeneuve-LEs-Maguelones.mp3\" target=\"_blank\" rel=\"noreferrer noopener\"> ici une causerie avec Ana\u00efs Vaillant<\/a>, anthropologue suite \u00e0 la repr\u00e9sentation du 30\/03\/25 \u00e0 Villeneuve-l\u00e8s-Maguelone propos\u00e9e par le Th\u00e9\u00e2tre J\u00e9r\u00f4me Savary.<\/p>\n\n\n\n<figure class=\"wp-block-image size-large\"><a href=\"https:\/\/www.chagallsansm.fr\/wp-content\/uploads\/2025\/02\/Ceci_est_mon_corps-CatalogueAurillac@Marc_Ginot2.jpg\"><img decoding=\"async\" loading=\"lazy\" width=\"1024\" height=\"642\" src=\"https:\/\/www.chagallsansm.fr\/wp-content\/uploads\/2025\/02\/Ceci_est_mon_corps-CatalogueAurillac@Marc_Ginot2-1024x642.jpg\" alt=\"\" class=\"wp-image-1565\" srcset=\"https:\/\/www.chagallsansm.fr\/wp-content\/uploads\/2025\/02\/Ceci_est_mon_corps-CatalogueAurillac@Marc_Ginot2-1024x642.jpg 1024w, https:\/\/www.chagallsansm.fr\/wp-content\/uploads\/2025\/02\/Ceci_est_mon_corps-CatalogueAurillac@Marc_Ginot2-300x188.jpg 300w, https:\/\/www.chagallsansm.fr\/wp-content\/uploads\/2025\/02\/Ceci_est_mon_corps-CatalogueAurillac@Marc_Ginot2-768x481.jpg 768w, https:\/\/www.chagallsansm.fr\/wp-content\/uploads\/2025\/02\/Ceci_est_mon_corps-CatalogueAurillac@Marc_Ginot2-1536x962.jpg 1536w, https:\/\/www.chagallsansm.fr\/wp-content\/uploads\/2025\/02\/Ceci_est_mon_corps-CatalogueAurillac@Marc_Ginot2-2048x1283.jpg 2048w\" sizes=\"(max-width: 1024px) 100vw, 1024px\" \/><\/a><figcaption class=\"wp-element-caption\"><sup>Cr\u00e9dit photo : Marc Ginot<\/sup><\/figcaption><\/figure>\n\n\n\n<p><br>Th\u00e9\u00e2tre dans l\u2019espace public \u00e0 partir de 14 ans<\/p>\n\n\n\n<p>Dur\u00e9e : 55 min<\/p>\n\n\n\n<blockquote class=\"wp-block-quote\">\n<p><br>Texte : MarDi (Marie Dilasser) &#8211; commande d\u2019\u00e9criture<br>Mise en sc\u00e8ne : Claire Engel<br>Jeu : Charlotte Daquet<br>Musique (dans la version lecture) : Patrice Soletti<br>Sc\u00e9nographie et construction, r\u00e9gie : Emmanuelle Debeusscher<br>Conception lumi\u00e8res : Christophe Mazet<br>Costume : Catherine Sardi<br>Regards ext\u00e9rieurs : Ya\u00eblle Antoine, Sophie Lagier, Philippe Goudard<br>Production : Chagall sans M<\/p>\n<\/blockquote>\n\n\n\n<p><br>Coproduction : l\u2019Atelline, Sc\u00e8ne conventionn\u00e9e d\u2019int\u00e9r\u00eat national &#8211; Juvignac ; le P\u00e9riscope, Sc\u00e8ne conventionn\u00e9e d\u2019int\u00e9r\u00eat national \u2013 N\u00eemes.<br>Avec le soutien de la R\u00e9gion Occitanie (Aide \u00e0 la cr\u00e9ation), de la DRAC Occitanie (Aide \u00e0 la r\u00e9sidence et Aide \u00e0 la cr\u00e9ation), de la Ville de Montpellier (Aide au projet et r\u00e9sidence d\u2019\u00e9t\u00e9 au Th\u00e9\u00e2tre la Vista), ENSAD Montpellier (R\u00e9sidence au Th\u00e9\u00e2tre du Hangar), La Baignoire, lieu des \u00e9critures contemporaines.<br>Merci au Mas Razal &#8211; Plateau artistique du Larzac et \u00e0 la Commune de Ceyras pour leur accueil.<\/p>\n\n\n\n<p>Ce spectacle re\u00e7oit le soutien d&rsquo;Occitanie en sc\u00e8ne.<\/p>\n\n\n\n<figure class=\"wp-block-image size-full\"><a href=\"https:\/\/www.chagallsansm.fr\/wp-content\/uploads\/2025\/06\/barre-logos-2025-avec-oes.png\"><img decoding=\"async\" loading=\"lazy\" width=\"924\" height=\"66\" src=\"https:\/\/www.chagallsansm.fr\/wp-content\/uploads\/2025\/06\/barre-logos-2025-avec-oes.png\" alt=\"\" class=\"wp-image-1593\" srcset=\"https:\/\/www.chagallsansm.fr\/wp-content\/uploads\/2025\/06\/barre-logos-2025-avec-oes.png 924w, https:\/\/www.chagallsansm.fr\/wp-content\/uploads\/2025\/06\/barre-logos-2025-avec-oes-300x21.png 300w, https:\/\/www.chagallsansm.fr\/wp-content\/uploads\/2025\/06\/barre-logos-2025-avec-oes-768x55.png 768w\" sizes=\"(max-width: 924px) 100vw, 924px\" \/><\/a><\/figure>\n\n\n\n<div class=\"wp-block-group has-global-padding is-layout-constrained wp-block-group-is-layout-constrained\">\n<p class=\"has-text-align-left\"><strong><mark style=\"background-color:rgba(0, 0, 0, 0)\" class=\"has-inline-color has-custom-couleur-1-color\">R\u00e9sum\u00e9<\/mark><\/strong><\/p>\n\n\n\n<p>Au loin, une perspective ; s\u2019y inscrivant : une femme.<br>Plus tard, une poule.<br>Elles vont parler. A partir des r\u00e9v\u00e9lations de la poule, la pens\u00e9e de la femme s\u2019enclenche. Elle veut nommer, trouver les mots justes pour d\u00e9crire l\u2019int\u00e9rieur de son corps, son corps objectiv\u00e9 et expos\u00e9, tout au long de sa vie, au regard des autres &#8211; parents, m\u00e9decins, hommes dans la rue &#8211; son corps qu\u2019elle va se r\u00e9approprier, pour r\u00e9inventer sa mani\u00e8re propre d\u2019\u00eatre \u00e0 soi et au monde.<\/p>\n\n\n\n<p><strong>Intention<\/strong><\/p>\n\n\n\n<p>C\u2019est d\u2019abord un corps qui appara\u00eet, de loin.<br>Qui traverse l\u2019espace comme on fend l\u2019air, et se dirige vers nous, s\u2019ancre, et permet aux mots de \u201cpasser\u201d.<br>Il n\u2019y a pas de fard.<br>Si le corps est solide, la langue, elle, est fluide, continue, s\u2019adresse \u00e0 soi, \u00e0 personne et \u00e0 tous.tes.<br>Que connais-je de mon corps ?<br>Que sais-je de lui ?<br>Qu\u2019en connaissent les autres ?<br>Ici se pose clairement un point de tension universellement partag\u00e9, entre la connaissance et l\u2019ignorance, entre le diagnostic scientifique et le ressenti.<br>Franchir les \u00e9tapes de son corps soumis au regard de l\u2019autre.<br>\u00c9chapper \u00e0 l\u2019\u00e9rotisation des corps.<br>Devenir sujet.<br>Nous choisissons de jouer ce spectacle dans l\u2019espace public.<br>Parce que cette parole intime n\u2019est jamais \u00e9nonc\u00e9e, il nous semble urgent de la faire r\u00e9sonner dans un espace totalement ouvert.<br>Le dispositif sc\u00e9nique permet de donner un cadre \u00e0 la repr\u00e9sentation, et de jouer entre l\u2019intime et l\u2019ouvert, adresse resserr\u00e9e et lignes de fuite.<br>Faire le chemin de la connaissance de son propre corps, par une parole qui s\u2019invente en sortant d\u2019un trop-plein, adress\u00e9e.<br>Une parole circulaire, libre, \u00e9mancipatrice.<\/p>\n\n\n\n<blockquote class=\"wp-block-quote\">\n<p><br>\u00ab je veux une autre fiction<br>une autre histoire<br>une histoire accroch\u00e9e \u00e0 tous mes organes. \u00bb<br><\/p>\n<\/blockquote>\n\n\n\n<p><br>L\u2019espace sc\u00e9nographique est \u00e9pur\u00e9 : lieux en perspective renforc\u00e9e par des cadres pos\u00e9s.<br>L\u2019abstraction de la configuration, encadr\u00e9e par le passage de la vie ext\u00e9rieure, autorise la libert\u00e9 des plans et des zooms.<br>Lignes de fuite, perspectives, cr\u00e9\u00e9es et recr\u00e9\u00e9es par cette pr\u00e9sence venue les habiter \u00e9pisodiquement, et qui les d\u00e9place, offrant toutes les perspectives possibles.<\/p>\n\n\n\n<p><br>Le texte de MarDi (Marie Dilasser) s\u2019appuie sur son propre v\u00e9cu et sur des entretiens entre Claire Engel et Aur\u00e9lie Namur.<br>Travail en sororit\u00e9 et partage, le texte r\u00e9v\u00e8le la complexit\u00e9 d\u2019habiter r\u00e9ellement son corps, assujetti \u00e0 ses fonctions premi\u00e8res dans un genre donn\u00e9, loin de la r\u00e9alit\u00e9 de la relation que chaque personne pourrait partager avec lui. En cela, il interroge l\u2019id\u00e9e de l\u2019absence de r\u00e9sonance subie que chacun\u00b7e peut ressentir ; mat\u00e9rialise l\u2019espace politique du corps, \u00e9paissit la surface.<\/p>\n\n\n\n<figure class=\"wp-block-gallery alignwide has-nested-images columns-default is-cropped wp-block-gallery-1 is-layout-flex wp-block-gallery-is-layout-flex\">\n<figure class=\"wp-block-image aligncenter size-large\"><img decoding=\"async\" loading=\"lazy\" width=\"1024\" height=\"666\" src=\"https:\/\/www.chagallsansm.fr\/wp-content\/uploads\/2025\/02\/MG1_6146-1024x666.jpg\" alt=\"\" class=\"wp-image-1568\" srcset=\"https:\/\/www.chagallsansm.fr\/wp-content\/uploads\/2025\/02\/MG1_6146-1024x666.jpg 1024w, https:\/\/www.chagallsansm.fr\/wp-content\/uploads\/2025\/02\/MG1_6146-300x195.jpg 300w, https:\/\/www.chagallsansm.fr\/wp-content\/uploads\/2025\/02\/MG1_6146-768x500.jpg 768w, https:\/\/www.chagallsansm.fr\/wp-content\/uploads\/2025\/02\/MG1_6146-1536x999.jpg 1536w, https:\/\/www.chagallsansm.fr\/wp-content\/uploads\/2025\/02\/MG1_6146-2048x1332.jpg 2048w\" sizes=\"(max-width: 1024px) 100vw, 1024px\" \/><figcaption class=\"wp-element-caption\">Cr\u00e9dit photo : Marc Ginot<\/figcaption><\/figure>\n<\/figure>\n<\/div>\n\n\n\n<p><strong>Presse<\/strong> [Altermidi -Jean-Marie Dihn]<\/p>\n\n\n\n<blockquote class=\"wp-block-quote\">\n<p class=\"has-text-align-left\">\u00c9tonnant t\u00e9moignage de femme qui nous rappelle que le th\u00e9\u00e2tre a partie li\u00e9e avec la politique, \u00e0 la diff\u00e9rence des repr\u00e9sentants qui cherchent \u00e0 concilier aspiration au changement et respect de l\u2019ordre \u00e9tabli. Si l\u2019on consid\u00e8re comme Clausewitz la politique comme une forme de guerre, on doit alors se demander, comme le fait Marie Dilasser dans cette pi\u00e8ce, quelle place est faite \u00e0 la vie, \u00e0 la mort, et au corps humain.<br>Son texte est un br\u00fblot contre toute forme d\u2019oppression, \u00e0 commencer par celle des femmes. Bien que la condition de poule concerne aussi l\u2019immense quantit\u00e9 d\u2019hommes et de femmes qui s\u2019acharnent \u00e0 survivre dans notre soci\u00e9t\u00e9 mais qui, \u00e0 bien des \u00e9gards, en demeurent exclus, contraints de participer \u00e0 la production de biens mat\u00e9riels mais priv\u00e9s des moyens de contribuer \u00e0 l\u2019orientation de leur propre vie et d\u2019une d\u00e9marche collective. La question de disposer librement de son propre corps passe par une conscientisation. L\u2019\u00e9criture composite de l\u2019autrice donne au texte un maximum d\u2019efficacit\u00e9, au sens politique du terme.<br>La com\u00e9dienne Charlotte Daquet danse sur le fil \u00e9pique de ce r\u00e9cit \u00e9mancipateur o\u00f9 le sang alterne avec la sueur, les larmes et la r\u00e9volte.<br>La com\u00e9dienne s\u2019approprie une succession d\u2019\u00e9tats. Travers\u00e9 de lucidit\u00e9 et d\u2019amertume son jeu tient la distance sur un chemin aride. Celui d\u2019une longue m\u00e9tamorphose o\u00f9 la violence se transforme en fantaisie.<br>Le travail de mise en sc\u00e8ne de Claire Engel articule les r\u00e9alit\u00e9s v\u00e9cues et les clins d\u2019\u0153il \u00e0 des r\u00e9f\u00e9rences historiques et f\u00e9ministes. \u00c0 cet endroit, le choix de l\u2019espace public, celui d\u2019\u00e9laborer une repr\u00e9sentation dans un espace qui n\u2019est autre que la vie quotidienne, contribue et joue sur un effet de reconnaissance du public \u00e0 travers la c\u00e9l\u00e9bration collective d\u2019une \u00e9mancipation.<\/p>\n<\/blockquote>\n\n\n\n<pre class=\"wp-block-verse\"><\/pre>\n","protected":false},"excerpt":{"rendered":"<p>CECI EST MON CORPS Cr\u00e9ation 2024 \u25ba\u25ba\u25baT\u00e9l\u00e9charger ici le dossier de pr\u00e9sentation \u25ba\u25ba\u25ba\u00c9couter ici une causerie avec Ana\u00efs Vaillant, anthropologue suite \u00e0 la repr\u00e9sentation du 30\/03\/25 \u00e0 Villeneuve-l\u00e8s-Maguelone propos\u00e9e par le Th\u00e9\u00e2tre J\u00e9r\u00f4me Savary. Th\u00e9\u00e2tre dans l\u2019espace public \u00e0 partir de 14 ans Dur\u00e9e : 55 min Texte : MarDi (Marie Dilasser) &#8211; commande d\u2019\u00e9critureMise [&hellip;]<\/p>\n","protected":false},"author":1,"featured_media":0,"parent":0,"menu_order":0,"comment_status":"closed","ping_status":"closed","template":"","meta":{"ngg_post_thumbnail":0,"footnotes":""},"aioseo_notices":[],"_links":{"self":[{"href":"https:\/\/www.chagallsansm.fr\/index.php\/wp-json\/wp\/v2\/pages\/1551"}],"collection":[{"href":"https:\/\/www.chagallsansm.fr\/index.php\/wp-json\/wp\/v2\/pages"}],"about":[{"href":"https:\/\/www.chagallsansm.fr\/index.php\/wp-json\/wp\/v2\/types\/page"}],"author":[{"embeddable":true,"href":"https:\/\/www.chagallsansm.fr\/index.php\/wp-json\/wp\/v2\/users\/1"}],"replies":[{"embeddable":true,"href":"https:\/\/www.chagallsansm.fr\/index.php\/wp-json\/wp\/v2\/comments?post=1551"}],"version-history":[{"count":11,"href":"https:\/\/www.chagallsansm.fr\/index.php\/wp-json\/wp\/v2\/pages\/1551\/revisions"}],"predecessor-version":[{"id":1595,"href":"https:\/\/www.chagallsansm.fr\/index.php\/wp-json\/wp\/v2\/pages\/1551\/revisions\/1595"}],"wp:attachment":[{"href":"https:\/\/www.chagallsansm.fr\/index.php\/wp-json\/wp\/v2\/media?parent=1551"}],"curies":[{"name":"wp","href":"https:\/\/api.w.org\/{rel}","templated":true}]}}